{"id":2526,"date":"2018-08-07T07:27:21","date_gmt":"2018-08-07T07:27:21","guid":{"rendered":"https:\/\/tectxon.themetechmount.com\/?page_id=2526"},"modified":"2021-03-05T09:02:29","modified_gmt":"2021-03-05T14:02:29","slug":"mecanizado","status":"publish","type":"page","link":"https:\/\/talleresunidosltda.com\/index.php\/mecanizado\/","title":{"rendered":"Mecanizado"},"content":{"rendered":"<p>[vc_row tm_bgimagefixed=&#8221;&#8221; css=&#8221;.vc_custom_1534501661996{padding-top: 30px !important;}&#8221;][vc_column]<div class=\"tm-element-heading-wrapper tm-heading-inner tm-element-align-left tm-seperator-none tm-heading-style-vertical  vc_custom_1613631729042\"><section class=\"tm-vc_cta3-container\"><div class=\"tm-vc_general tm-vc_cta3 tm-cta3-only tm-vc_cta3-style-classic tm-vc_cta3-shape-rounded tm-vc_cta3-align-left tm-vc_cta3-color-transparent tm-vc_cta3-icon-size-md tm-vc_cta3-actions-no tm-cta3-without-desc\"><div class=\"tm-vc_cta3_content-container\"><div class=\"tm-vc_cta3-content\"><header class=\"tm-vc_cta3-content-header tm-wrap\"><div class=\"tm-vc_cta3-headers tm-wrap-cell\"><h2 style=\"font-size:30px;line-height:30px;font-family:'Titillium Web',Arial,Helvetica;font-weight:600;\" class=\"tm-custom-heading \" >Mecanizado<\/h2>\n<\/div><div class=\"heading-seperator\"><span><\/span><\/div><\/header><\/div><\/div><\/div><\/section><\/div> <!-- .tm-element-heading-wrapper container --> [vc_column_text]Talleres Unidos LTDA cuenta con m\u00e1quinas de control num\u00e9rico, centros de mecanizados Lead Well:<\/p>\n<ul>\n<li>Doble columna con capacidad hasta 1 tonelada.<\/li>\n<li>V40 con capacidad hasta 1\/2 tonelada.<\/li>\n<\/ul>\n<p>Tambi\u00e9n con un Torno CNC ROMI, Torno petrolero y convencionales, Taladro radial, Fresadora, Rectificadora de superficies, Roladora hasta una pulgada Thk, Prensa Hidr\u00e1ulica 300 Ton, Cizalla, Cepillo, Ranuradora y dem\u00e1s herramientas \u00fatiles para la fabricaci\u00f3n, reparaci\u00f3n y mantenimiento de equipos industriales y petroqu\u00edmicos.[\/vc_column_text][vc_single_image image=&#8221;3878&#8243; img_size=&#8221;full&#8221; alignment=&#8221;center&#8221; css=&#8221;.vc_custom_1614952920909{margin-bottom: 5px !important;}&#8221;][\/vc_column][\/vc_row]<\/p>\n","protected":false},"excerpt":{"rendered":"<p>[vc_row tm_bgimagefixed=&#8221;&#8221; css=&#8221;.vc_custom_1534501661996{padding-top: 30px !important;}&#8221;][vc_column][vc_column_text]Talleres Unidos LTDA cuenta con m\u00e1quinas de control num\u00e9rico, centros de mecanizados Lead Well: Doble columna con capacidad hasta 1 tonelada. V40 con capacidad hasta 1\/2 tonelada. Tambi\u00e9n con un Torno CNC ROMI, Torno petrolero y convencionales, Taladro radial, Fresadora, Rectificadora de superficies, Roladora hasta una pulgada Thk, Prensa Hidr\u00e1ulica 300 &hellip; <a href=\"https:\/\/talleresunidosltda.com\/index.php\/mecanizado\/\" class=\"more-link\">Continue reading <span class=\"screen-reader-text\">Mecanizado<\/span><\/a><\/p>\n","protected":false},"author":1,"featured_media":0,"parent":0,"menu_order":18,"comment_status":"closed","ping_status":"closed","template":"","meta":{"footnotes":""},"class_list":["post-2526","page","type-page","status-publish","hentry"],"_links":{"self":[{"href":"https:\/\/talleresunidosltda.com\/index.php\/wp-json\/wp\/v2\/pages\/2526","targetHints":{"allow":["GET"]}}],"collection":[{"href":"https:\/\/talleresunidosltda.com\/index.php\/wp-json\/wp\/v2\/pages"}],"about":[{"href":"https:\/\/talleresunidosltda.com\/index.php\/wp-json\/wp\/v2\/types\/page"}],"author":[{"embeddable":true,"href":"https:\/\/talleresunidosltda.com\/index.php\/wp-json\/wp\/v2\/users\/1"}],"replies":[{"embeddable":true,"href":"https:\/\/talleresunidosltda.com\/index.php\/wp-json\/wp\/v2\/comments?post=2526"}],"version-history":[{"count":12,"href":"https:\/\/talleresunidosltda.com\/index.php\/wp-json\/wp\/v2\/pages\/2526\/revisions"}],"predecessor-version":[{"id":3995,"href":"https:\/\/talleresunidosltda.com\/index.php\/wp-json\/wp\/v2\/pages\/2526\/revisions\/3995"}],"wp:attachment":[{"href":"https:\/\/talleresunidosltda.com\/index.php\/wp-json\/wp\/v2\/media?parent=2526"}],"curies":[{"name":"wp","href":"https:\/\/api.w.org\/{rel}","templated":true}]}}