{"id":4023,"date":"2021-03-07T09:51:56","date_gmt":"2021-03-07T14:51:56","guid":{"rendered":"https:\/\/talleresunidosltda.com\/index.php\/submit-organizer-form\/"},"modified":"2021-03-07T09:51:56","modified_gmt":"2021-03-07T14:51:56","slug":"submit-organizer-form","status":"publish","type":"page","link":"https:\/\/talleresunidosltda.com\/index.php\/submit-organizer-form\/","title":{"rendered":"Submit Organizer Form"},"content":{"rendered":"\n<form action=\"\/index.php\/wp-json\/wp\/v2\/pages\/4023\" method=\"post\" id=\"submit-organizer-form\" class=\"wpem-form-wrapper wpem-main event-manager-form\" enctype=\"multipart\/form-data\">\n\t<div class=\"wpem-form-group\">\n\t<label class=\"wpem-form-label-text\">\u00bfTienes una cuenta?<\/label>\n\t<div class=\"field account-sign-in wpem-alert wpem-alert-info\">\n\t\t<a href=\"https:\/\/talleresunidosltda.com\/wp-login.php\">Iniciar sesi\u00f3n<\/a>\t\t\t\n\t\t\t\t\t\t\t\n\t\t\tSi no tienes una cuenta con nosotros, solo escribe tu correo electr\u00f3nico y crea una nueva cuenta. Recibir\u00e1s tu contrase\u00f1a en tu correo electr\u00f3nico.\t\t\t\n\t\t\t\t\t\n\t<\/div>\n<\/div>\n<div class=\"wpem-form-group fieldset-create_account_email\">\n\t<label class=\"wpem-form-label-text\"\n\t\tfor=\"create_account_email\">Tu correo electr\u00f3nico<\/label>\n\t<div class=\"field required-field\">\n\t\t<input type=\"text\" class=\"input-text create_account_email\" name=\"create_account_email\"  id=\"create_account_email\" placeholder=\"tu@tudominio.com\" attribute=\"\" value=\"\" maxlength=\"\" required \/>\r\t\t\t\t\n\t<\/div>\n<\/div>\n\t<\/form>\n","protected":false},"excerpt":{"rendered":"\u00bfTienes una cuenta? Iniciar sesi\u00f3n Si no tienes una cuenta con nosotros, solo escribe tu correo electr\u00f3nico y crea una nueva cuenta. Recibir\u00e1s tu contrase\u00f1a en tu correo electr\u00f3nico. Tu correo electr\u00f3nico","protected":false},"author":1,"featured_media":0,"parent":0,"menu_order":0,"comment_status":"closed","ping_status":"closed","template":"","meta":{"footnotes":""},"class_list":["post-4023","page","type-page","status-publish","hentry"],"_links":{"self":[{"href":"https:\/\/talleresunidosltda.com\/index.php\/wp-json\/wp\/v2\/pages\/4023","targetHints":{"allow":["GET"]}}],"collection":[{"href":"https:\/\/talleresunidosltda.com\/index.php\/wp-json\/wp\/v2\/pages"}],"about":[{"href":"https:\/\/talleresunidosltda.com\/index.php\/wp-json\/wp\/v2\/types\/page"}],"author":[{"embeddable":true,"href":"https:\/\/talleresunidosltda.com\/index.php\/wp-json\/wp\/v2\/users\/1"}],"replies":[{"embeddable":true,"href":"https:\/\/talleresunidosltda.com\/index.php\/wp-json\/wp\/v2\/comments?post=4023"}],"version-history":[{"count":0,"href":"https:\/\/talleresunidosltda.com\/index.php\/wp-json\/wp\/v2\/pages\/4023\/revisions"}],"wp:attachment":[{"href":"https:\/\/talleresunidosltda.com\/index.php\/wp-json\/wp\/v2\/media?parent=4023"}],"curies":[{"name":"wp","href":"https:\/\/api.w.org\/{rel}","templated":true}]}}